se 5*d - 1866 = -d. What is the hundreds digit of d?
3
Let o = -1793 - -3570. What is the tens digit of o?
7
Let s = -2559 + 6931. What is the tens digit of s?
7
Let o(z) = 3333*z**2 + 22*z + 20. What is the thousands digit of o(-1)?
3
What is the units digit of 27/18*(1454/3 + 0)?
7
Let u be 0 + -4*(-398)/4. Suppose -4*t = -5*j - 854, 0 = 4*t + 4*j - 1270 + u. What is the hundreds digit of t?
2
Suppose 3*r - 1 = -n + 8*r, -5*n = -r - 5. Let i(f) = 0 + n - 5*f + 2*f - 2. What is the units digit of i(-1)?
2
Suppose -4*r + 29 = -s, -2*s + 0*s + 4*r - 38 = 0. What is the tens digit of 20/(-90) - 191/s?
2
Let m(d) = -2*d - 9. Let h be m(-8). Let a(n) = n**3 - 8*n**2 + 7*n - 4. Let u be a(h). What is the units digit of (u + 1)*(-5 - -2)?
9
What is the hundreds digit of (-2*10/(-8))/((-2)/(-412))?
5
Suppose 264 = -12*o + 8*o. Let z = o + 111. What is the units digit of z?
5
Let o(z) = 346*z**3 + 6*z**2 - 10*z + 2. What is the hundreds digit of o(2)?
7
Let r(j) = 7*j**2 + 17*j + 19. What is the tens digit of r(8)?
0
Suppose -2*w + 1795 = -3*z, -w + 72*z = 67*z - 908. What is the units digit of w?
3
Suppose 0 = 31*m + 2192 - 13941. What is the hundreds digit of m?
3
What is the hundreds digit of (2/(-3))/(-1 - 1340/(-1341))?
8
Suppose 3*f + 102 = -4*n, 0 = 3*f - n + 66 + 21. Let s = 37 + f. Let u = s + 7. What is the units digit of u?
4
Suppose -3*p - p - 14 = -m, -2*m - 5 = 3*p. Suppose -7*s + 3*s = 4*x - 8, -3*s = m*x. What is the units digit of x?
6
Let f be 5/2 + ((-1)/1)/(-2). Let n(a) = 14*a**2 + 6*a - 6. What is the tens digit of n(f)?
3
Let c(t) = 23*t + 1. Let b(f) = 45*f + 2. Let j(m) = -4*b(m) + 7*c(m). Let v(o) = o**2 + 15*o - 1. Let r be v(-15). What is the units digit of j(r)?
8
Let v(d) = 2*d - 34. Let p be v(0). Let n = p - -35. What is the units digit of n?
1
Let w(b) = b - 1. Let v(t) = -1. Let o(m) = -4*v(m) + w(m). What is the units digit of o(5)?
8
What is the tens digit of (-684502)/(-390) + (-8)/60?
5
Suppose -i = -426 - 24. What is the tens digit of i?
5
Suppose -3*s + 844 - 235 = 0. Let x = -69 + s. What is the tens digit of x?
3
Let o be (1 - -8)*6/18. Let r(b) = b**3 - b**2 + b - 4. What is the units digit of r(o)?
7
Let n(i) = -23*i - 6. Let o be n(4). Let v = 24 - o. What is the tens digit of v?
2
Let u = 0 + 4. Suppose u*w = 2*w + 4. What is the units digit of ((-2)/w)/(2/(-18))?
9
Suppose -5*k + 4*k + y = -7, 0 = -4*k - 2*y + 40. Let q = 0 - -2. Let o = k + q. What is the units digit of o?
1
Suppose -13*d + 19677 = 8*d. What is the tens digit of d?
3
What is the units digit of (-12)/(-30) - (21592/(-20) - -3)?
7
Let m(x) = -2*x - 10. Let y(h) = -1. Let j(q) = m(q) - 5*y(q). Let f be j(-4). Suppose 3*c = -f*r + 66, 4*c - 79 = 6*r - r. What is the units digit of c?
1
Let y = 418 - 238. What is the hundreds digit of y?
1
Suppose -u + 1895 = 2*g, 5675 = -36*u + 39*u + g. What is the units digit of u?
1
Suppose -5*d - 2 = -17, -d + 3 = -5*s. Suppose s = 4*q + 8 - 256. What is the tens digit of q?
6
Suppose -8*x + 38*x - 6600 = 0. What is the units digit of x?
0
Let b = -14 - -18. What is the units digit of (-3 - -8*b) + 2?
1
Suppose -4*j + 48 = -12. Suppose 8*p = 3*p + j. Let c = p + 25. What is the tens digit of c?
2
What is the hundreds digit of (((-1761)/(-4))/(-3))/((-1)/8)?
1
Let c be (-22)/(3/15*-2). Suppose 5*u - 87 + 32 = f, -55 = -5*u - 2*f. What is the tens digit of 10/c - (-449)/u?
4
What is the thousands digit of (-12 - 21528/16)/(2/(-4))?
2
Suppose -3*u + 167 = -220. What is the tens digit of u?
2
Suppose 5*u = 4*u - 25. Let k = u - -58. What is the units digit of k?
3
What is the tens digit of ((-2513)/28 + 8)/((-1)/8)?
5
Let w(b) = -2*b - 10. Let p(u) be the third derivative of u**6/120 - u**5/10 + 5*u**4/24 - 7*u**3/6 + 3*u**2. Let i be p(5). What is the units digit of w(i)?
4
Let c(f) be the first derivative of -f**2/2 - f - 2. Let g be c(-5). Suppose -g*l = m - 61, m = 6*m + 15. What is the units digit of l?
6
Let u be 3*((-39)/9 + 3). Let z(k) = -k - 3. Let w be z(u). What is the units digit of w - ((-3)/(-3) - 30)?
0
Let u(h) = 3*h**2 - 19*h + 39. What is the tens digit of u(16)?
0
Let i = 1344 - 445. What is the units digit of i?
9
Let f = -150 + 423. Suppose 0 = 7*q - 0*q - f. Let c = 88 - q. What is the units digit of c?
9
Let k = 377 - 727. Let d = k + 192. What is the units digit of (-4)/(-18) - d/18?
9
Suppose 19*q = 15*q + 196. What is the tens digit of q?
4
Suppose 12*b - 8*b = 3516. What is the hundreds digit of b?
8
Let m = 14 + -10. Let p be 27 - (5 + (3 - -2)). Suppose 0 = -y - m*f + 44, -y + 3 + p = -2*f. What is the units digit of y?
8
Let s = 10 - 18. Let r = s + 102. What is the units digit of r?
4
Let h(p) = -p**3 - 4*p**2 + 5. Let f be h(-4). Let i = f + 142. What is the hundreds digit of i?
1
Let s be 2/(-7) + (-312)/(-14). Let o be (-33)/9*(0 + -3). What is the units digit of 2/o - (-590)/s?
7
Let b = 10 + 16. Let g = b - 23. Suppose g*p - 102 = p. What is the tens digit of p?
5
Suppose -3*j = 2*j + k - 109, -3*j + 62 = 4*k. Let s = j + 32. What is the units digit of s?
4
Suppose -372 + 108 = 8*b. Let f = b + 48. What is the units digit of f?
5
Suppose 2*h = -q + 13, q = -0*h - 4*h + 21. Suppose -2*g = -2*r - 4*g + 28, -20 = -q*g. What is the tens digit of r?
1
Let k(c) = -c**3 - 2*c**2 + 4*c - 3. Let q be k(-4). Let p = q + -14. What is the units digit of (-1)/((-1)/(-8)*p)?
8
Let p = 179 + 78. What is the tens digit of p?
5
Let j = -36 - -26. Let h = j + 15. Suppose 0 = 4*x - h*x + 32. What is the tens digit of x?
3
Let p = 1092 - 331. What is the units digit of p?
1
Let r be (790/20)/(1/(-6)). Let k = -114 - r. Suppose f - 1 = 2, 3*g - k = -5*f. What is the tens digit of g?
3
Let t = -346 - -1170. Suppose 0 = r + 2*a - 209, r + 4*a - t = -3*r. What is the tens digit of r?
0
Let x be (-1 + -4 - -2)*1. What is the tens digit of (-1248)/(-14) - x/(-21)?
8
Let y(b) = b**2 - 7*b - 15. Let w be y(7). Suppose -s - 4*s - 235 = 0. Let g = w - s. What is the units digit of g?
2
Let s be (-69)/(-12) - (-3)/(-4). Suppose -3*d + s*g + 20 = 2*d, -3*d = -4*g - 14. Suppose -d*u + u + 100 = 3*o, 2*u = -5*o + 166. What is the units digit of o?
4
Suppose -4*m - 1 = 2*i + 1, 0 = -3*i + 2*m - 19. Let s = -2 - i. Suppose -s*c + 5 + 13 = 0. What is the units digit of c?
6
Let y(x) = -51*x + x**2 - 50*x + 95*x + 2. What is the units digit of y(-7)?
3
Let m be 6/45*-339*-5. Let v = m + -159. What is the units digit of v?
7
Let i be (50 - (-2)/(-1)) + -3. Let b = i - -56. What is the units digit of b?
1
Let c(a) = -a**3 + 34*a**2 + 42*a - 8. What is the hundreds digit of c(34)?
4
Let n = 3 - 2. Suppose -27*y = -31*y - 8. What is the units digit of y/4*-28 + n?
5
Let k = -34 + 34. Let v(y) = y**2 + 7*y. Let r be v(-7). Suppose r = -k*z + 3*z - 42. What is the tens digit of z?
1
Suppose -29*s = -24*s - 2845. What is the hundreds digit of s?
5
Let d = 567 + -330. What is the hundreds digit of d?
2
What is the hundreds digit of 8/(-6)*-1*(-42777)/(-194)?
2
Let i(h) = -h**2 + 6*h + 5. Let z be i(6). Suppose 3*a - 233 = -0*t - z*t, -316 = -4*a - 4*t. What is the tens digit of a?
8
Suppose 5*r = 4*u + 55 - 15, 4*r + 3*u - 1 = 0. Let x be (-6)/(-12) - 19/(-2). Suppose -108 = -5*j + r*l, x*l = -2*j + 5*l + 63. What is the tens digit of j?
2
Let p = 7 - 3. Suppose -p*m = -2*i + 8 + 4, -16 = -3*i + 4*m. Suppose -101 + 33 = -i*y. What is the tens digit of y?
1
Let w = 19 - 15. Suppose -5*a + 3 = 3*g, -w*g + 24 = 4*a - 7*g. Suppose 0 = -6*p + a + 9. What is the units digit of p?
2
Let a be 24 + 3/((-1)/(-1)). Let l be 6/27 + 1290/a. Suppose 0 = 5*w - l - 37. What is the tens digit of w?
1
Suppose 232 = -6*r + 4966. What is the units digit of r?
9
Suppose g - 13 = -15. Let t be 20/(-12)*6/g. Suppose 0 = -t*c + 2*c + 69. What is the units digit of c?
3
Let o(b) = b + 1. Let p be o(2). Suppose -4*a + 76 = -3*k, p*a = a - 4*k + 60. What is the tens digit of a?
2
Suppose 2*h = h - 7. Let c(w) = 4*w**3 - 7*w**2 - 9*w - 3. Let v(d) = -5*d**3 + 7*d**2 + 10*d + 2. Let q(x) = 6*c(x) + 5*v(x). What is the units digit of q(h)?
0
Let p(d) = -421*d**3 - 3*d**2 - 10*d - 8. What is the units digit of p(-1)?
0
Let r = -30 - -43. Let d = r - 8. Suppose 5*j = -5*y - d, y - j - 10 = -y. What is the units digit of y?
3
Suppose 3*j - 5*j 